 Suppose 3*w - 321 = -z*f + q, -3*w = -f - 358. Is w a composite number?
True
Let c be (-1 + -2 - 379)*-1. Suppose 2*y = c - 96. Is y a composite number?
True
Is 135/54 + (-738)/(-4) composite?
True
Suppose -5*v - 3*h = -6 - 34, 0 = -v + 2*h + 8. Let u(f) = -3*f**2 + 1. Let s be u(v). Let y = s - -274. Is y a prime number?
True
Suppose 5*r = 3*v - 2292, 2*v - 3*v = r - 764. Suppose 3*n = -n + v. Is n a prime number?
True
Let i be 3 + (-1 - (-40 - -2)). Suppose 0*l + 4*l = i. Is l a prime number?
False
Suppose 3*l = 3*h - h - 113, h = -5*l + 37. Let g = -13 + h. Is g composite?
True
Let q(w) = 113*w - 25. Is q(36) composite?
True
Let t(n) be the second derivative of -n**4/12 - 4*n**3/3 - n**2/2 + 3*n. Let a be t(-7). Let w(f) = f**3 - 4*f**2 - 7*f - 4. Is w(a) a prime number?
False
Let d(s) = 64*s - 19. Is d(12) prime?
False
Suppose -4*z - 2*k - k + 489 = 0, -495 = -4*z + 3*k. Let s = 250 - z. Is s a composite number?
False
Let q = 6 - 7. Is (4/(-4) + -336)/q a prime number?
True
Let q(s) = -7*s**2 - 8*s - 6. Let x be q(-8). Let a = -204 - x. Suppose -6*h = -3*r - 2*h + 110, 5*r - a = 4*h. Is r prime?
False
Let d = 33 - 16. Suppose -5*u + d = f, 5*f + 4 = -2*u + f. Suppose -27 = -3*a - u*r, -4*a = -a - 3*r - 48. Is a a prime number?
True
Let z = 2 - 2. Suppose 3 = -z*l + l. Suppose l*p + 43 - 220 = 0. Is p a prime number?
True
Let k(u) = 39*u**2 + 4*u - 5. Is k(3) a composite number?
True
Suppose -4*m = b + 6, 5*b + m = 8 - 0. Suppose 3*w + q = 559, 4*w - b*w - 366 = -4*q. Is w prime?
False
Let q(w) = w - 4. Let f be q(3). Is (f + 3)/(4/178) composite?
False
Let c(b) = -b**3 + 6*b**2 - 7*b + 5. Let w be c(4). Let s be (-2)/w - 15132/(-54). Suppose 2*z + 3*z + 237 = 4*p, 5*p - s = 3*z. Is p prime?
True
Is 8/(-16) + (-142)/(-4) a composite number?
True
Let b(l) = -15*l**3 + 3*l**2 - 2. Let t be b(-2). Let a = -51 + t. Is a a composite number?
False
Suppose 3*g - 1630 = -2*g. Suppose -4*y = 2*w - g, 4*y = w - 113 - 50. Is w a prime number?
True
Let g(o) = -o**2 + 5*o - 1 - 4*o**2 + 4*o**2. Let d be g(4). Suppose d*c - 4*n - 100 = -5*n, 162 = 5*c - 3*n. Is c a composite number?
True
Is ((-7)/(-2))/((-6)/(-4188)) prime?
False
Let b(c) = 4*c - 1. Let w be b(-2). Let j = -9 - w. Suppose -l + 56 - 3 = j. Is l a prime number?
True
Let t = -41 + 138. Is t a prime number?
True
Let c(w) = -w**3 - 1. Let t be c(1). Let k = t - -3. Is (-2 + 2 + 55)/k a prime number?
False
Let t = -11 - -15. Suppose t*l = -0*l. Suppose l*o = -o + 19. Is o a prime number?
True
Let l(u) = u**2 - 6*u. Let t = 3 - -4. Is l(t) a composite number?
False
Let f(b) = -11*b. Let i be f(1). Let a = i + 17. Let z = 7 + a. Is z composite?
False
Let n(h) be the third derivative of h**4/4 + 5*h**3/6 + 2*h**2. Let d(o) = 7*o + 6. Let w(p) = 4*d(p) - 5*n(p). Is w(-4) prime?
True
Let f = -221 + 916. Suppose -5*g = r - 162, f - 65 = 4*r + 2*g. Is r prime?
True
Suppose -2*i + 104 = 4*t, 2*i + 16 = -2*i. Suppose 2*c = k - 2*k + 28, -c - t = -k. Suppose -k = -g - g. Is g prime?
False
Suppose 1787 = 3*s - 658. Is s a prime number?
False
Suppose 4*q + 5*i - 8 = 0, -2*q + 3*i - 18 = -0*q. Is 6*27 - (4 + q) composite?
True
Let a be (173/(-2))/((-3)/(-6)). Let t = a + 294. Is t a prime number?
False
Is 310/15*3/2 a composite number?
False
Let o(r) = -2*r - 6. Suppose 8*g + 25 = 3*g. Let m be o(g). Suppose 4*h - 3*h - 8 = -x, -m*x + 47 = h. Is x a composite number?
False
Let d = 227 + -25. Suppose 4*u - 18 = i, -4*u + 6*i - 2*i = -12. Suppose u*o = 243 + d. Is o composite?
False
Let x = 656 - 452. Let w = -55 + x. Is w composite?
False
Let m(p) = 6*p + 1. Let l be m(2). Suppose -4*c + 2*v - 60 = 0, -2 - l = c - v. Let y = c + 50. Is y a composite number?
True
Is (154/4)/((-11)/(-22)) a composite number?
True
Suppose 3837 = 4*s - 7*g + 2*g, -3*s + g = -2886. Suppose 5*y + 422 = -s. Let i = y + 408. Is i prime?
True
Let k be 3 + (-3)/(6/(-4)). Let p(j) = 3*j**3 - 3*j**2 - k + 4 + 5*j**2. Is p(1) a prime number?
False
Let m = 285 + -200. Is m composite?
True
Suppose -3*z - 1 = -16. Suppose -z*y = 2*f + f, -2*y - 2*f = 4. Is y a composite number?
False
Let u(y) = 11*y**3 - 2*y**2 - 4 + 2*y**2 - 6*y + 9. Is u(4) a prime number?
False
Let a(o) = -o**2 + 4*o + 7. Let x be a(5). Let r be (-886)/(-18) + x/(-9). Suppose w + w = -4*v + 34, -4*v + w = -r. Is v composite?
False
Suppose 5*w - 2*w = 12. Is (-390)/(-6) + w + -2 a composite number?
False
Let x(f) = -47*f + 1. Let i be x(1). Let o be 2/(-1)*1 + i. Let q = 139 + o. Is q a composite number?
True
Suppose 0 = -0*j - j + 1177. Is j prime?
False
Let i(k) = k**2 + 3*k - 2. Let q be i(-3). Suppose m - 5 = -4. Is -31*m*2/q a composite number?
False
Suppose t - c + 4*c - 14 = 0, 4*t = 3*c - 4. Suppose 0*b + 3*b + 8 = n, 6 = n - t*b. Suppose 72 + 94 = n*f. Is f a prime number?
True
Suppose -9 = -w - 2*w. Let x(p) = -2*p + 2*p**2 - w*p**2 + 7 + 2*p**2. Is x(8) a prime number?
False
Suppose -2*m = 0, 4*x - 4324 = -3*m - 2*m. Is x prime?
False
Let z(h) = 3*h**2 + 9*h + 11. Is z(13) a prime number?
False
Let g = 3577 - 666. Is g a prime number?
False
Let d(i) = -i + 1. Let p be d(-8). Suppose -3*y - p = -6*y. Is y a composite number?
False
Let i = -6 + 8. Suppose 4*g + l = 880, -6*l + i*l - 16 = 0. Is g a composite number?
True
Let v be 2 - (-76 - (-1)/1). Suppose h + v = -0*h. Let j = h + 130. Is j a prime number?
True
Let y(a) be the second derivative of 13*a**6/144 + a**5/120 + a**4/12 + 3*a. Let n(t) be the third derivative of y(t). Is n(2) composite?
False
Let n(g) be the first derivative of g**4/4 - 2*g**3/3 - g**2/2 + g + 3. Let w be n(2). Is 2/2*w + 50 composite?
True
Let h(o) be the first derivative of 2*o**2 - 3*o - 2. Let y be h(2). Suppose 155 = 5*n + g + 2*g, 2*n + y*g - 62 = 0. Is n a composite number?
False
Let k(y) = -y**3 + 10*y**2 - y + 9. Suppose -3 = -4*z + 25. Let b = z - 0. Is k(b) composite?
False
Suppose -2*b = -0*b. Suppose b = -d - 3 + 22. Is d a prime number?
True
Is 1/(4*4/58192) composite?
False
Let n = -17 + 240. Is n a prime number?
True
Suppose c = v + 173, -2*v - c - 355 = -6*c. Let z = -91 - v. Is z a composite number?
False
Suppose -4*v + 1123 = -3*g, -v - 207 = -2*g - 949. Is 1 + (2 - g) - 1 a prime number?
False
Let o be 2/6 + 66/18. Suppose -d = -4*c + 18, -2*d - o = -c - 3. Suppose 44 = d*p - 2*b + 2, -p - 2*b = -36. Is p prime?
False
Is 189945/165 - (-2)/(-11) a composite number?
False
Suppose -2*p + 4*z + 18 = 0, -3*p + 0*z = 2*z - 59. Let y = p + -8. Let v = 46 - y. Is v prime?
True
Suppose 0 = -3*d + 5*d - 110. Let i = d + 108. Is i prime?
True
Suppose s = -3*s + 16. Suppose -1 + 5 = -s*h. Let y(g) = 22*g**2 - g - 1. Is y(h) a composite number?
True
Let i(h) = -9*h**3 + h**2 - 5*h + 1. Is i(-4) a composite number?
False
Suppose 0 = -4*y - y + 3*k + 530, y - 114 = -k. Is y a composite number?
False
Suppose 3*n = 4*d - 21332, 4*d = 2*n + 9641 + 11691. Is d a composite number?
False
Let d(t) = -7*t**3 - 2*t**2 + 19. Is d(-6) a composite number?
False
Suppose -q - 2*z = -7, -4*z + 10 = -5*q + 31. Let b = q + -6. Let w = b + 4. Is w a prime number?
True
Is ((-132)/(-36))/(1/489) a prime number?
False
Let h(m) = 4*m + 2 + 4*m + 3. Let f(p) = -p**2 + 6*p - 4. Let c be f(4). Is h(c) composite?
False
Let a(t) be the first derivative of -t**3/3 + 6*t**2 + 4*t + 2. Let y be a(9). Suppose u + 0*u = y. Is u a composite number?
False
Let i(y) = y**3 - 5*y**2 + 5. Let m be i(5). Suppose 5*v + m*r - 29 = 126, 5*v - 4*r = 146. Suppose 5*h = -0*h - 4*s + 30, 5*h + s = v. Is h composite?
True
Is (19245/(-2))/3*(-24)/20 a prime number?
False
Suppose -8*m + 2312 = -2720. Is m prime?
False
Suppose -679 = -5*o + 31. Is o + 1/((-4)/(-12)) a prime number?
False
Let n be (-75)/27 - (-6)/(-27). Let t(l) = -3*l - 2. Let y be t(n). Let h = y - -4. Is h composite?
False
Let y = 6 + -3. Suppose 0 = 5*f - h - 5, 3*f - 3*h + 12 = y. Suppose 0 = -2*k + f, -2*k - 10 = -2*i + 2. Is i prime?
True
Is (-11 - -13) + 1 + 538 prime?
True
Suppose 10*h - 2985 - 2825 = 0. Is h a composite number?
True
Let f(u) = u**2 + 3. Suppose 0*z = -2*z. Suppose z = -4*h + 2 + 6, h - 14 = -3*c. Is f(c) a composite number?
False
Suppose -3*a + 5*q - 1106 = 0, 7*q = -3*a + 3*q - 1124. Is -2*(-4)/8 - a a composite number?
False
Suppose -2*l + 2404 = 3*b, -5*l + 0*l = -5*b - 6035. I